aluate -8 + -19 + 45 + -16 + -2 - -59.
59
29 + -23 + 43 + 31
80
106 - (61 - (16 + -1))
60
What is the value of (-2 - 9) + (-44 + 1 - (-16 - -8 - -15))?
-61
What is 61 - (-64 + (33 + -36 - -31))?
97
-4333 - -4284 - (-1 + -54)
6
What is the value of (71 - 150 - -84) + -2 + 1 + -60?
-56
Evaluate 38 + (-31 - -1) - -22.
30
55 + -43 - (-22 + (-16 - (-16 + 14)))
48
What is the value of -1 + (8 - 2) - (-1 + 74 + (-408 - -393))?
-53
What is -11 + (16 - (7 + (-11 - -14))) - 2?
-7
Calculate 14 - (-79 + -40 + 17 - -26).
90
Calculate (-26 - -31) + (-4 - (6 + 4 + -2)) + -45.
-52
What is the value of 31 + (48 - (62 + -6))?
23
Calculate -27 - ((-1 + -3 - -2) + 14 - (2928 + -2923)).
-34
Calculate (3 - 7 - -5) + (-10 - -17 - (18 - 1)).
-9
Evaluate (-15 - ((3 - -2) + 14)) + -4 + 15.
-23
What is -1 + 73 + (287 + -272 - (28 + -1))?
60
-20 + 8 - ((6 - 83) + 28)
37
-34 - (2 - (107 - (-42 + 72)))
41
(14 + (-21 - 4) - 52) + (12 - -1)
-50
What is 3 + (8 + -17 - -16) - -69 - 16?
63
Evaluate 0 - 165 - (4270 + -4574).
139
Calculate 57 - (9 - 4 - -22) - 36.
-6
Calculate (-28 - 0) + (19 - (-9 + 15) - (18 - 12)).
-21
Calculate 0 + (-50 - -6) - (-191 + 202).
-55
Evaluate 99 + (70 - (-100 + 130)).
139
What is -20 + 2 + 4 + 18 + -2 - -13?
15
What is the value of -24 + 114 - 50 - 53?
-13
What is -59 + (156 - 9 - 72)?
16
-36 - (-46 + 3 + 30) - -44
21
Evaluate 0 - 53 - (-366 - -372) - -18.
-41
Calculate 72 - ((14 - 1) + (0 - (1 + 23 + -6))).
77
-7 + (4 - 1) - (-130 - -79)
47
66 - (89 - (3 - 10))
-30
What is the value of 4 + -18 + 1 - (-175 - -200)?
-38
What is the value of 17 - (-7 + 109 - 5)?
-80
-1 + 12 + 6 + 31 + -66 + 78
60
What is (-53 - -56) + -63 + 31?
-29
Calculate 1 + -1 - (26 + -47 + 11) - 0 - 32.
-22
What is the value of -69 - (-23 + (38 - (-10 - -6 - -26)))?
-62
What is (-25 - (-27 + (-22 - (0 + -9)))) + -22?
-7
What is the value of 23 - (83 + -28) - -6 - -85?
59
What is (-6 + 14 - (14 - 6)) + -42 + -12 - 8?
-62
-6 + (2 - 1) + -328 + 314 - -69
50
What is the value of (2 - 51) + (220 - 211) + (17 - -1)?
-22
Calculate 10 - (-12 + -2 + 0 - (-147 - -124)).
1
What is 25 - (3 + -1 - (-69 - -103))?
57
What is the value of 211 + -26 + (-776 - -665)?
74
Evaluate (-57 - 0) + (52 - 15) + -23.
-43
Calculate 1 + (0 - -19) + -458 + (752 - 223).
91
Evaluate -2 + 25 + (25 - 20 - 3).
25
Evaluate -304 - -349 - (0 + 11 + 0).
34
What is (-14 - -46) + 98 + (-62 - -29)?
97
What is -5 + (-13 - 9) - (-7 - (4 - (-3 - -4)))?
-17
Evaluate (-1 - -6 - -6) + (360 - 360).
11
What is the value of -31 - (-90 + 52) - -38?
45
What is -47 - -17 - 37 - -47?
-20
(12 + -22 - -19) + (-8 - (-1 + 4)) - -52
50
What is (-87 - -248 - 243) + -29?
-111
2 + 2 + -81 + -181 + 207
-51
What is the value of -7 + -5 + 25 + 6?
19
What is (-104 - (18 + -124)) + 59?
61
Evaluate -22 + (71 - (16 - -9 - 13)).
37
-5 + (64 + -2 - (5 + -16 + -1 + 12))
57
What is the value of 2 + -4 + 2 - -6 - (77 + -56 + -3)?
-12
What is the value of (-4 - ((3 - 20) + -1 + 34)) + 24?
4
Evaluate (-32 - (-50 + 21)) + -15 - 43.
-61
What is (-5 - (-26 - -29)) + (4 - 45 - 3)?
-52
Calculate -11 - (-18 + (-9 - -14 - -3 - 59)).
58
23 - (23 + -6 + 10 + -42)
38
(-28 - (128 + -131)) + 73 + -1
47
What is the value of (2726 - 2811) + (1 - -40)?
-44
Calculate (4 - 6 - 7) + -17 - -57.
31
61 - ((-11 - (14 + -11)) + 28) - 15
32
What is (20 - (3 - 13)) + -64 + 67?
33
Evaluate 7 - 65 - (-38 + 2 - -17).
-39
What is the value of 4 - 8 - (8 + 9 - 4 - (3 - -26))?
12
Calculate (2 - 8) + (4 - 3) - (36 + 9).
-50
Evaluate -1067 + 1061 + (4 + -8 + 4 - -3 - -124).
121
What is 33 + -28 + -15 + 18 - (-65 + 0)?
73
Calculate -56 + 194 + -73 + 5.
70
(-1 - -120 - 2) + (-1911 - -1930) - (10 + 0)
126
3 + -10 + (-53 - -63) + -58
-55
Evaluate -71 - (-28 + 7 + 14) - -7.
-57
Calculate (10 - 144) + 9 + -10 + (-34 - -43).
-126
-8 + (8 - (-9 + 12)) - 26
-29
Calculate -4 - (5 - (5 + 1)) - (-2 + -44 + -1).
44
Evaluate (166 - (141 - -28)) + 2 + (1 - -75 - 0).
75
What is the value of -55 + -9 + (42 - -1)?
-21
Calculate -38 + -45 + (142 - 78) - (7 - 1).
-25
2345 + -2346 - (1 - -92)
-94
What is the value of -123 + 0 - (12299 - 12346)?
-76
Evaluate 1 + -1 + -56 - (-40 + 25 + 5).
-46
111 - (-34 - -98) - 18
29
What is 45 + -53 + -7 + 64?
49
Evaluate -2 - 8 - (7 + -6) - (-94 + 50).
33
Calculate -863 + 856 + (-1 + 1 - (1 - 4) - -42).
38
Evaluate -19 + -21 + (9 - -35).
4
What is the value of (107 - (13 + (8 - 12)) - (28 - 16)) + 2?
88
Evaluate -168 + -15 - (-483 + 357).
-57
-42 + 47 - (3 + -35 - (9 - 4))
42
What is the value of 188 - (381 - 330 - (-1 - -18))?
154
What is the value of -6 + (-4 + -29 + 22 - -11)?
-6
Calculate -62 + (-17 - (-24 - (0 + 6 + (-59 - -42)))).
-66
Evaluate -13 - (-28 + -1 + 8) - -74 - -7.
89
What is the value of (-14 + 14 - -4) + 9 + 15?
28
What is the value of 43 + (-25 - (29 - 35))?
24
What is (-9 - (-1 + 8 - (-13 - -32))) + -2 + 121?
122
What is 7 - (-7 + ((-10 - -22) + 2 + 7 - 9))?
2
Calculate -6 + -28 - -34 - -13.
13
What is the value of 8 - (-16 + 40 - 35)?
19
What is (6 - (0 + -36 + 17)) + 21?
46
Evaluate (256 - 259) + (5 + 14 - 0).
16
-54 + 130 + 55 + -106
25
What is the value of -5 - -31 - -8 - 17?
17
-1064 + 1086 + (-1 + -2 - -21)
40
Evaluate (8 + 2 - (0 - -1)) + (-9 - (-70 + 15)).
55
(35 + -2 - 90) + 85
28
What is the value of (-23 - -17) + (-3 - -10 - (1 - -3)) + 23?
20
What is the value of (16 - 43) + 15 + 49?
37
2 + (2 - 9) + (16 - (26 - (1 + 28)))
14
Calculate 9 + (-10 + 3 - ((-8 - -11) + 8)).
-9
Evaluate -109 + (-13 - (-17 - -2)).
-107
What is 35 + 12 + 18 + 8 + -5?
68
Calculate 89 - (106 + -19) - (-7 + -1 - 2).
12
Evaluate 4 + -12 + -1 + 24.
15
What is 25 + (-128 - (-3 - (20 + -13) - -23))?
-116
Calculate -12 - -17 - -16 - (-87 + 114).
-6
Calculate 2 - (-142 + (-2 - (-32 - -2))).
116
What is the value of (7 - (1 + 5 + -10)) + 9 + 0 + 0?
20
Evaluate (31 + 2 - 40) + -1 + -36 + (-2 - -11).
-35
What is -6 + 25 + -11 - (9 + (-3 - -8 - 88))?
82
What is -124 + (109 - (11 + -87))?
61
Calculate -25 + 21 + -10 + (-20 - 2).
-36
Evaluate (-163 - (101 + -178)) + 135.
49
What is (6 - (-2 + -6)) + (1 - 44)?
-29
What is 159 - (-72 - -127 - 20)?
124
Evaluate -5 + -4 + (-1227 - -1276).
40
Evaluate -138 + (-85 - -26) - -67.
-130
-14 - 2 - -40 - 14 - (-8 + 5 + -34)
47
What is (-6 - -81) + -118 + 36?
-7
What is 146 + -154 - (-33 + -5)?
30
Calculate -4226 - -4352 - (-2 + 18 + (1 - -1)).
108
What is the value of (5 - (6 + 39 + -18) - -11) + (133 - 0)?
122
Evaluate 133 + -234 - (7 + (-57 - -10)).
-61
48 + (-32 - -12) + (30 - 35)
23
Evaluate ((17 - -4) + -2 - (25 - 7)) + 40.
41
-2 + -14 - (28 - 7)
-37
Evaluate 4 + (-32 + -3 + -16 - -4).
-43
What is (53 + (21 - 33) - 23) + 4 + 2?
24
What is the value of -38 - -155 - (58 - 3)?
62
What is -29 - -78 - 58 - 2?
-11
What is the value of -3 + 2 - 3 - 5 - (-44 - 54)?
89
1339 + -1379 + -1 + 25
-16
-2 - ((-7 - -19 - 0) + (-55 - -2))
39
Calculate -264 - -317 - (19 + -18 - (-2 - 6)).
44
What is (-65 - -114) + -121 + 63?
-9
What is 6 + -11 + (-8 + 12 - 7) - 0?
-8
What is the value of 51 - ((3 - -47) + (-57 - -30))?
28
What is -101 - (14 + 12 + (-34 - 0))?
-93
Evaluate 0 + -9 + (-4 - 9 - 31 - (-80 + 90)).
-63
What is (46 - (121 + -65)) + (-1 - (0 - -3)) + 53?
39
-23 - ((-18 - (18 - 14)) + 22)
-23
What is the value of (11 + 12 - 10) + (3 - (13 + -2))?
5
What is the value of (-19 + (6 + 0 - 3) - -12) + 38?
34
Evaluate (-89 - -126) + 16 + -78.
-25
What is -636 + 695 - (-61 + 17)?
103
What is the value of (-83 - 74) + 135 + -4 + (1 - -59)?
34
What is 3 + (5 + 8 - (2 + 15)) + 38?
37
Calculate 7 + -19 + (5 - (-18 + 19 - (-8 + 1))).
-15
Calculate 10 + -7 + 4 + (-6 - 13 - -16).
4
3 + -1 + 1 + -3 + -1 + 41
40
What is -36 - (-2 + -20 + 40 + -37)?
-17
Evaluate -1 - ((-13 + 24 - 10) + -14 - 34).
46
Evaluate (-47 + 33 - 11) + -8.
-33
What is (0 - -40) + 14 - (4 - (3 + -1 + -3))?
49
What is 0 - -16 - (-23 + 0 + -23)?
62
-46 - 34 - -57 - -71
48
29 - (4 - -1 - (134 + -133))
25
-9 + (-3 - (3 - 19)) - -14
18
What is -61 + (22 + -5 - 8 - 19 - (4 + -2))?
-73
What is (-9 - (-51 - -7) - -3) + 4 + -1 + 2?
43
Calculate 47 + 90 - (117 - 38).
58
What is the value of -11 + 4 + 43 + 24 - 11?
49
Calculate (-2 - (-3 + 12 - (14 - 9))) + 50.
44
What is -2784 + 2798 - (-2 + 1 + 5)?
10
Calculate 17 + 2 + -4 + (-200 - -188).
3
What is the value of -1 + 54 + (14 - (-14 - (20 - 7 -